t common divisor of 15853 and 4966?
191
What is the greatest common factor of 18592 and 1120?
224
Calculate the greatest common divisor of 174 and 403158.
174
What is the highest common factor of 185040 and 900?
180
What is the greatest common divisor of 763598 and 22?
22
Calculate the greatest common divisor of 263355 and 13095.
1455
Calculate the greatest common factor of 531 and 3170247.
177
What is the highest common factor of 16663 and 477965?
877
What is the greatest common factor of 97465 and 101?
101
Calculate the highest common divisor of 195 and 8112390.
195
Calculate the greatest common factor of 48 and 21702.
6
Calculate the greatest common factor of 9359850 and 1150.
1150
Calculate the highest common factor of 412745 and 5.
5
Calculate the greatest common factor of 394686 and 12.
6
Calculate the highest common divisor of 197730 and 720.
90
Calculate the highest common divisor of 18490 and 10.
10
What is the highest common factor of 14 and 1142638?
14
What is the highest common factor of 13581 and 17091?
27
What is the highest common factor of 23740 and 3000?
20
What is the greatest common factor of 96537 and 21?
21
Calculate the highest common factor of 346788 and 2106.
702
What is the highest common factor of 40 and 33530?
10
Calculate the highest common factor of 228 and 1152.
12
Calculate the greatest common divisor of 7786 and 5066.
34
Calculate the greatest common divisor of 60 and 9740.
20
Calculate the highest common factor of 85239 and 3696.
231
Calculate the greatest common factor of 153879 and 22.
11
What is the greatest common factor of 1833 and 411156?
141
What is the highest common divisor of 330363 and 846?
423
What is the greatest common factor of 14519 and 2?
1
Calculate the highest common factor of 113197 and 193424.
1099
What is the highest common divisor of 748 and 27588?
44
What is the highest common factor of 4044 and 1284?
12
Calculate the greatest common factor of 1370 and 260.
10
What is the greatest common factor of 8086 and 105740?
622
What is the greatest common factor of 1814 and 74?
2
Calculate the greatest common divisor of 300223 and 2695.
539
What is the highest common factor of 245236 and 444?
148
Calculate the greatest common divisor of 731 and 2414.
17
Calculate the highest common factor of 682390 and 70.
10
Calculate the greatest common divisor of 934 and 2.
2
What is the highest common divisor of 33118 and 10849?
571
What is the highest common factor of 3230 and 5510?
190
Calculate the greatest common factor of 296 and 704.
8
Calculate the highest common divisor of 228 and 789564.
228
What is the highest common divisor of 20500 and 56500?
500
Calculate the greatest common divisor of 63666 and 2187.
243
Calculate the highest common factor of 140 and 29484.
28
Calculate the highest common divisor of 940681 and 427.
427
Calculate the highest common factor of 136 and 2680.
8
Calculate the highest common factor of 1470 and 6510.
210
What is the greatest common divisor of 2806967 and 1227?
409
Calculate the greatest common factor of 209780 and 102.
34
What is the highest common factor of 70329 and 183?
3
What is the greatest common divisor of 1376 and 288?
32
Calculate the greatest common factor of 190 and 714932.
38
Calculate the highest common divisor of 4688 and 4576.
16
What is the highest common divisor of 67095 and 441?
63
What is the greatest common factor of 2 and 51202?
2
Calculate the highest common factor of 558 and 499937.
31
What is the greatest common factor of 287301 and 21?
21
What is the highest common divisor of 204149 and 649?
11
What is the greatest common factor of 492 and 31119?
123
Calculate the highest common divisor of 176 and 1288496.
176
Calculate the greatest common divisor of 5128 and 264.
8
Calculate the highest common factor of 224440 and 190.
10
Calculate the greatest common factor of 99840 and 4320.
480
Calculate the greatest common divisor of 1728 and 59400.
216
What is the greatest common divisor of 8990 and 22040?
290
Calculate the greatest common divisor of 598 and 1357.
23
Calculate the greatest common factor of 2517602 and 94.
94
What is the greatest common divisor of 695286 and 4?
2
What is the greatest common divisor of 690 and 10174?
2
Calculate the highest common factor of 2719 and 31.
1
What is the greatest common divisor of 2 and 21994?
2
Calculate the highest common divisor of 26 and 140803.
13
Calculate the greatest common divisor of 3439 and 570.
19
Calculate the highest common divisor of 45848 and 264.
88
Calculate the greatest common divisor of 111024 and 540.
108
Calculate the highest common factor of 88073 and 29.
29
Calculate the greatest common factor of 1584 and 23976.
72
Calculate the greatest common factor of 441 and 3087.
441
Calculate the highest common factor of 44998 and 894.
298
Calculate the greatest common factor of 1152 and 98784.
288
Calculate the greatest common divisor of 49 and 144893.
49
What is the highest common divisor of 2937708 and 648?
324
Calculate the highest common divisor of 124 and 2573.
31
What is the greatest common divisor of 1936 and 7139?
121
Calculate the highest common divisor of 45 and 303495.
15
What is the greatest common factor of 191289 and 63?
21
Calculate the greatest common factor of 1491 and 3337.
71
What is the highest common divisor of 341 and 140864?
31
What is the greatest common factor of 266 and 3654?
14
What is the highest common factor of 65806 and 104?
26
Calculate the greatest common factor of 2332 and 3949.
11
What is the highest common factor of 1196 and 278944?
92
What is the greatest common factor of 57288 and 66?
66
Calculate the greatest common factor of 1585 and 80.
5
What is the highest common factor of 334397 and 161?
161
What is the greatest common factor of 2365 and 1247?
43
Calculate the highest common divisor of 89378 and 92.
46
Calculate the greatest common divisor of 612 and 250410.
102
What is the highest common divisor of 636 and 50760?
12
Calculate the greatest common divisor of 1289585 and 55.
55
What is the greatest common divisor of 82365 and 114?
57
Calculate the greatest common divisor of 401843 and 26.
13
What is the highest common divisor of 11760259 and 266?
133
Calculate the greatest common divisor of 56459 and 3497.
13
Calculate the highest common factor of 1116724 and 56.
28
What is the highest common factor of 508480 and 574?
14
Calculate the greatest common factor of 34048 and 77.
7
Calculate the greatest common factor of 434 and 16813160.
434
What is the highest common factor of 486 and 41040?
54
What is the greatest common divisor of 12 and 22892?
4
What is the highest common factor of 3869 and 2809?
53
What is the highest common divisor of 1254 and 396?
66
What is the highest common divisor of 40737 and 5217?
111
What is the highest common factor of 33807 and 1416?
177
Calculate the highest common factor of 170 and 9979.
17
What is the highest common factor of 4930 and 69530?
170
Calculate the highest common divisor of 1135 and 90.
5
Calculate the greatest common divisor of 22 and 259171.
11
Calculate the highest common factor of 693 and 18207.
63
Calculate the greatest common factor of 12579 and 1008.
21
What is the greatest common factor of 4774 and 85250?
682
Calculate the highest common factor of 223938 and 33.
33
Calculate the greatest common divisor of 18 and 9508.
2
What is the highest common factor of 174950 and 50?
50
Calculate the greatest common factor of 1431 and 14787.
477
What is the greatest common divisor of 20 and 488580?
20
What is the greatest common factor of 245 and 995?
5
What is the greatest common divisor of 216 and 5211?
27
What is the highest common divisor of 102108 and 134?
134
What is the highest common divisor of 1806492 and 84?
12
What is the greatest common factor of 4632 and 354?
6
Calculate the greatest common factor of 7 and 475545.
7
What is the highest common factor of 28041 and 143?
13
Calculate the highest common divisor of 6776 and 13310.
242
What is the highest common divisor of 34998 and 342?
114
What is the greatest common factor of 130 and 154680?
10
Calculate the highest common factor of 107063 and 253.
11
Calculate the highest common factor of 5 and 32845.
5
What is the highest common divisor of 895430 and 4530?